{"id":219,"date":"2021-02-16T18:38:56","date_gmt":"2021-02-16T18:38:56","guid":{"rendered":"https:\/\/houzen.pe\/domus\/?page_id=219"},"modified":"2021-02-16T18:46:05","modified_gmt":"2021-02-16T18:46:05","slug":"politica-de-privacidad","status":"publish","type":"page","link":"https:\/\/houzen.pe\/domus\/politica-de-privacidad\/","title":{"rendered":"Pol\u00edtica de Privacidad"},"content":{"rendered":"<div class=\"wpb-content-wrapper\"><p>[vc_row css_animation=&#8221;&#8221; row_type=&#8221;row&#8221; use_row_as_full_screen_section=&#8221;no&#8221; type=&#8221;grid&#8221; angled_section=&#8221;no&#8221; text_align=&#8221;left&#8221; background_image_as_pattern=&#8221;without_pattern&#8221; z_index=&#8221;&#8221;][vc_column][vc_row_inner row_type=&#8221;row&#8221; type=&#8221;full_width&#8221; text_align=&#8221;left&#8221; css_animation=&#8221;&#8221;][vc_column_inner][vc_empty_space][vc_column_text]<\/p>\n<h1 style=\"text-align: center; color: #283b51;\">POL\u00cdTICA DE PRIVACIDAD<\/h1>\n<p>[\/vc_column_text][vc_empty_space][\/vc_column_inner][\/vc_row_inner][vc_row_inner row_type=&#8221;row&#8221; type=&#8221;full_width&#8221; text_align=&#8221;left&#8221; css_animation=&#8221;&#8221;][vc_column_inner][vc_column_text]Todos los nombres, ense\u00f1as comerciales, marcas, slogans, encabezados de p\u00e1ginas, gr\u00e1ficos, textos, logos, botones, \u00edconos, im\u00e1genes, audio, c\u00f3digos y software usados o incorporados a este sitio web, o su integraci\u00f3n, se encuentran protegidos por las diversas legislaciones aplicables en los pa\u00edses correspondientes. Se proh\u00edbe cualquier uso no autorizado de estos bienes incorporales, incluyendo pero sin limitar, la reproducci\u00f3n, modificaci\u00f3n, distribuci\u00f3n, transmisi\u00f3n, exhibici\u00f3n o impresi\u00f3n, aplicaci\u00f3n, publicidad, apropiaci\u00f3n o posesi\u00f3n de los mismos.<\/p>\n<p>&nbsp;<\/p>\n<p>Inmobiliaria Houzen se reserva el derecho a modificar unilateralmente, en cualquier momento, los presentes T\u00e9rminos y Condiciones. No obstante lo anterior, los cambios o modificaciones realizados a los presentes t\u00e9rminos y condiciones ser\u00e1n puesto en conocimiento de los Usuarios antes de su puesta en pr\u00e1ctica.<\/p>\n<p>&nbsp;<\/p>\n<p><strong>PROTECCION DE DATOS PERSONALES<\/strong><\/p>\n<p>De acuerdo con la Ley de Protecci\u00f3n de Datos 29733, Acepto que Inmobiliaria Houzen se ponga en contacto conmigo por correo ordinario, correo electr\u00f3nico, SMS, tel\u00e9fono o por cualquier otro medio electr\u00f3nico con fines de marketing, publicidad y estudios de opini\u00f3n de Inmobiliaria Houzen. Asimismo y para que puedan enviarme informaci\u00f3n de mi inter\u00e9s, acepto que mis datos de contacto recopilados por Inmobiliaria Houzen y aquellos recopilados por el mismo puedan ser combinados, analizados y utilizados. Acepto asimismo que Inmobiliaria Houzen pueda facilitar mis datos de contacto con fines de marketing, publicidad y estudios de opini\u00f3n.<\/p>\n<p>&nbsp;<\/p>\n<p>Entiendo que puedo revocar mi consentimiento enviando un correo a info@houzen.pe[\/vc_column_text][vc_empty_space][vc_column_text]<\/p>\n<p>I am text block. Click edit button to change this text. Lorem ipsum dolor sit amet, consectetur adipiscing elit. Ut elit tellus, luctus nec ullamcorper mattis, pulvinar dapibus leo.<\/p>\n<p>[\/vc_column_text][\/vc_column_inner][\/vc_row_inner][vc_row_inner row_type=&#8221;row&#8221; type=&#8221;full_width&#8221; text_align=&#8221;left&#8221; css_animation=&#8221;&#8221;][vc_column_inner][vc_empty_space][\/vc_column_inner][\/vc_row_inner][\/vc_column][\/vc_row]<\/p>\n<\/div>","protected":false},"excerpt":{"rendered":"<p>[vc_row css_animation=&#8221;&#8221; row_type=&#8221;row&#8221; use_row_as_full_screen_section=&#8221;no&#8221; type=&#8221;grid&#8221; angled_section=&#8221;no&#8221; text_align=&#8221;left&#8221; background_image_as_pattern=&#8221;without_pattern&#8221; z_index=&#8221;&#8221;][vc_column][vc_row_inner row_type=&#8221;row&#8221; type=&#8221;full_width&#8221; text_align=&#8221;left&#8221; css_animation=&#8221;&#8221;][vc_column_inner][vc_empty_space][vc_column_text] POL\u00cdTICA DE PRIVACIDAD [\/vc_column_text][vc_empty_space][\/vc_column_inner][\/vc_row_inner][vc_row_inner row_type=&#8221;row&#8221; type=&#8221;full_width&#8221; text_align=&#8221;left&#8221; css_animation=&#8221;&#8221;][vc_column_inner][vc_column_text]Todos los nombres, ense\u00f1as comerciales, marcas, slogans, encabezados de p\u00e1ginas, gr\u00e1ficos, textos, logos, botones, \u00edconos, im\u00e1genes, audio, c\u00f3digos y software usados o incorporados a este&#8230;<\/p>\n","protected":false},"author":1,"featured_media":0,"parent":0,"menu_order":0,"comment_status":"closed","ping_status":"closed","template":"full_width.php","meta":{"footnotes":""},"class_list":["post-219","page","type-page","status-publish","hentry"],"_links":{"self":[{"href":"https:\/\/houzen.pe\/domus\/wp-json\/wp\/v2\/pages\/219","targetHints":{"allow":["GET"]}}],"collection":[{"href":"https:\/\/houzen.pe\/domus\/wp-json\/wp\/v2\/pages"}],"about":[{"href":"https:\/\/houzen.pe\/domus\/wp-json\/wp\/v2\/types\/page"}],"author":[{"embeddable":true,"href":"https:\/\/houzen.pe\/domus\/wp-json\/wp\/v2\/users\/1"}],"replies":[{"embeddable":true,"href":"https:\/\/houzen.pe\/domus\/wp-json\/wp\/v2\/comments?post=219"}],"version-history":[{"count":6,"href":"https:\/\/houzen.pe\/domus\/wp-json\/wp\/v2\/pages\/219\/revisions"}],"predecessor-version":[{"id":225,"href":"https:\/\/houzen.pe\/domus\/wp-json\/wp\/v2\/pages\/219\/revisions\/225"}],"wp:attachment":[{"href":"https:\/\/houzen.pe\/domus\/wp-json\/wp\/v2\/media?parent=219"}],"curies":[{"name":"wp","href":"https:\/\/api.w.org\/{rel}","templated":true}]}}